{"id":1178211,"date":"2023-07-16T02:01:22","date_gmt":"2023-07-16T00:01:22","guid":{"rendered":"http:\/\/www.comoe-art.com\/?post_type=product&#038;p=1178211"},"modified":"2023-10-18T15:14:02","modified_gmt":"2023-10-18T13:14:02","slug":"tissu-bogolan-5","status":"publish","type":"product","link":"https:\/\/www.comoe-art.com\/index.php\/produit\/tissu-bogolan-5\/","title":{"rendered":"Tissu Bogolan"},"content":{"rendered":"<p>Le Bogolan est un tissu teint suivant une technique utilis\u00e9e au Mali.<br \/>\nFabriqu\u00e9s 100% \u00e0 base de coton, les Textiles Bogolan sont teint selon des techniques ancestrales. Le tissu est tremp\u00e9 dans un m\u00e9lange de colorant \u00e0 base de feuilles d&#8217;arbres afin de lui donner une couleur naturelle.<br \/>\nG\u00e9n\u00e9ralement utilis\u00e9 comme pagne, Le Bogolan, peut aussi servir de d\u00e9coration pour votre int\u00e9rieur en habillant \u00e0 la fois le dos vos canap\u00e9s mais aussi le lit.<\/p>\n<p>Dimensions approximatives :<\/p>\n<p>Longueur 1m,60<br \/>\nLargeur 1m,06<br \/>\nCouleur: Multicolore<\/p>\n","protected":false},"excerpt":{"rendered":"<p>Le Bogolan est un tissu teint suivant une technique utilis\u00e9e au Mali. Fabriqu\u00e9s 100% \u00e0 base de coton, les Textiles Bogolan sont teint selon des techniques ancestrales.<\/p>\n","protected":false},"featured_media":1177886,"comment_status":"open","ping_status":"closed","template":"","meta":[],"product_cat":[102,95,88],"product_tag":[],"yoast_head":"<!-- This site is optimized with the Yoast SEO plugin v22.5 - https:\/\/yoast.com\/wordpress\/plugins\/seo\/ -->\n<title>Tissu Bogolan - Comoe-art<\/title>\n<meta name=\"robots\" content=\"index, follow, max-snippet:-1, max-image-preview:large, max-video-preview:-1\" \/>\n<link rel=\"canonical\" href=\"https:\/\/www.comoe-art.com\/index.php\/produit\/tissu-bogolan-5\/\" \/>\n<meta property=\"og:locale\" content=\"fr_FR\" \/>\n<meta property=\"og:type\" content=\"article\" \/>\n<meta property=\"og:title\" content=\"Tissu Bogolan - Comoe-art\" \/>\n<meta property=\"og:description\" content=\"Le Bogolan est un tissu teint suivant une technique utilis\u00e9e au Mali. Fabriqu\u00e9s 100% \u00e0 base de coton, les Textiles Bogolan sont teint selon des techniques ancestrales.\" \/>\n<meta property=\"og:url\" content=\"https:\/\/www.comoe-art.com\/index.php\/produit\/tissu-bogolan-5\/\" \/>\n<meta property=\"og:site_name\" content=\"Comoe-art\" \/>\n<meta property=\"article:modified_time\" content=\"2023-10-18T13:14:02+00:00\" \/>\n<meta property=\"og:image\" content=\"https:\/\/www.comoe-art.com\/wp-content\/uploads\/2023\/07\/P1340639.jpg\" \/>\n\t<meta property=\"og:image:width\" content=\"1638\" \/>\n\t<meta property=\"og:image:height\" content=\"2048\" \/>\n\t<meta property=\"og:image:type\" content=\"image\/jpeg\" \/>\n<meta name=\"twitter:card\" content=\"summary_large_image\" \/>\n<script type=\"application\/ld+json\" class=\"yoast-schema-graph\">{\"@context\":\"https:\/\/schema.org\",\"@graph\":[{\"@type\":\"WebPage\",\"@id\":\"https:\/\/www.comoe-art.com\/index.php\/produit\/tissu-bogolan-5\/\",\"url\":\"https:\/\/www.comoe-art.com\/index.php\/produit\/tissu-bogolan-5\/\",\"name\":\"Tissu Bogolan - Comoe-art\",\"isPartOf\":{\"@id\":\"https:\/\/www.comoe-art.com\/#website\"},\"primaryImageOfPage\":{\"@id\":\"https:\/\/www.comoe-art.com\/index.php\/produit\/tissu-bogolan-5\/#primaryimage\"},\"image\":{\"@id\":\"https:\/\/www.comoe-art.com\/index.php\/produit\/tissu-bogolan-5\/#primaryimage\"},\"thumbnailUrl\":\"https:\/\/www.comoe-art.com\/wp-content\/uploads\/2023\/07\/P1340639.jpg\",\"datePublished\":\"2023-07-16T00:01:22+00:00\",\"dateModified\":\"2023-10-18T13:14:02+00:00\",\"breadcrumb\":{\"@id\":\"https:\/\/www.comoe-art.com\/index.php\/produit\/tissu-bogolan-5\/#breadcrumb\"},\"inLanguage\":\"fr-FR\",\"potentialAction\":[{\"@type\":\"ReadAction\",\"target\":[\"https:\/\/www.comoe-art.com\/index.php\/produit\/tissu-bogolan-5\/\"]}]},{\"@type\":\"ImageObject\",\"inLanguage\":\"fr-FR\",\"@id\":\"https:\/\/www.comoe-art.com\/index.php\/produit\/tissu-bogolan-5\/#primaryimage\",\"url\":\"https:\/\/www.comoe-art.com\/wp-content\/uploads\/2023\/07\/P1340639.jpg\",\"contentUrl\":\"https:\/\/www.comoe-art.com\/wp-content\/uploads\/2023\/07\/P1340639.jpg\",\"width\":1638,\"height\":2048},{\"@type\":\"BreadcrumbList\",\"@id\":\"https:\/\/www.comoe-art.com\/index.php\/produit\/tissu-bogolan-5\/#breadcrumb\",\"itemListElement\":[{\"@type\":\"ListItem\",\"position\":1,\"name\":\"Accueil\",\"item\":\"https:\/\/www.comoe-art.com\/\"},{\"@type\":\"ListItem\",\"position\":2,\"name\":\"The Shop\",\"item\":\"https:\/\/www.comoe-art.com\/index.php\/shop\/\"},{\"@type\":\"ListItem\",\"position\":3,\"name\":\"Tissu Bogolan\"}]},{\"@type\":\"WebSite\",\"@id\":\"https:\/\/www.comoe-art.com\/#website\",\"url\":\"https:\/\/www.comoe-art.com\/\",\"name\":\"Comoe-art\",\"description\":\"\",\"potentialAction\":[{\"@type\":\"SearchAction\",\"target\":{\"@type\":\"EntryPoint\",\"urlTemplate\":\"https:\/\/www.comoe-art.com\/?s={search_term_string}\"},\"query-input\":\"required name=search_term_string\"}],\"inLanguage\":\"fr-FR\"}]}<\/script>\n<!-- \/ Yoast SEO plugin. -->","yoast_head_json":{"title":"Tissu Bogolan - Comoe-art","robots":{"index":"index","follow":"follow","max-snippet":"max-snippet:-1","max-image-preview":"max-image-preview:large","max-video-preview":"max-video-preview:-1"},"canonical":"https:\/\/www.comoe-art.com\/index.php\/produit\/tissu-bogolan-5\/","og_locale":"fr_FR","og_type":"article","og_title":"Tissu Bogolan - Comoe-art","og_description":"Le Bogolan est un tissu teint suivant une technique utilis\u00e9e au Mali. Fabriqu\u00e9s 100% \u00e0 base de coton, les Textiles Bogolan sont teint selon des techniques ancestrales.","og_url":"https:\/\/www.comoe-art.com\/index.php\/produit\/tissu-bogolan-5\/","og_site_name":"Comoe-art","article_modified_time":"2023-10-18T13:14:02+00:00","og_image":[{"width":1638,"height":2048,"url":"https:\/\/www.comoe-art.com\/wp-content\/uploads\/2023\/07\/P1340639.jpg","type":"image\/jpeg"}],"twitter_card":"summary_large_image","schema":{"@context":"https:\/\/schema.org","@graph":[{"@type":"WebPage","@id":"https:\/\/www.comoe-art.com\/index.php\/produit\/tissu-bogolan-5\/","url":"https:\/\/www.comoe-art.com\/index.php\/produit\/tissu-bogolan-5\/","name":"Tissu Bogolan - Comoe-art","isPartOf":{"@id":"https:\/\/www.comoe-art.com\/#website"},"primaryImageOfPage":{"@id":"https:\/\/www.comoe-art.com\/index.php\/produit\/tissu-bogolan-5\/#primaryimage"},"image":{"@id":"https:\/\/www.comoe-art.com\/index.php\/produit\/tissu-bogolan-5\/#primaryimage"},"thumbnailUrl":"https:\/\/www.comoe-art.com\/wp-content\/uploads\/2023\/07\/P1340639.jpg","datePublished":"2023-07-16T00:01:22+00:00","dateModified":"2023-10-18T13:14:02+00:00","breadcrumb":{"@id":"https:\/\/www.comoe-art.com\/index.php\/produit\/tissu-bogolan-5\/#breadcrumb"},"inLanguage":"fr-FR","potentialAction":[{"@type":"ReadAction","target":["https:\/\/www.comoe-art.com\/index.php\/produit\/tissu-bogolan-5\/"]}]},{"@type":"ImageObject","inLanguage":"fr-FR","@id":"https:\/\/www.comoe-art.com\/index.php\/produit\/tissu-bogolan-5\/#primaryimage","url":"https:\/\/www.comoe-art.com\/wp-content\/uploads\/2023\/07\/P1340639.jpg","contentUrl":"https:\/\/www.comoe-art.com\/wp-content\/uploads\/2023\/07\/P1340639.jpg","width":1638,"height":2048},{"@type":"BreadcrumbList","@id":"https:\/\/www.comoe-art.com\/index.php\/produit\/tissu-bogolan-5\/#breadcrumb","itemListElement":[{"@type":"ListItem","position":1,"name":"Accueil","item":"https:\/\/www.comoe-art.com\/"},{"@type":"ListItem","position":2,"name":"The Shop","item":"https:\/\/www.comoe-art.com\/index.php\/shop\/"},{"@type":"ListItem","position":3,"name":"Tissu Bogolan"}]},{"@type":"WebSite","@id":"https:\/\/www.comoe-art.com\/#website","url":"https:\/\/www.comoe-art.com\/","name":"Comoe-art","description":"","potentialAction":[{"@type":"SearchAction","target":{"@type":"EntryPoint","urlTemplate":"https:\/\/www.comoe-art.com\/?s={search_term_string}"},"query-input":"required name=search_term_string"}],"inLanguage":"fr-FR"}]}},"_links":{"self":[{"href":"https:\/\/www.comoe-art.com\/index.php\/wp-json\/wp\/v2\/product\/1178211"}],"collection":[{"href":"https:\/\/www.comoe-art.com\/index.php\/wp-json\/wp\/v2\/product"}],"about":[{"href":"https:\/\/www.comoe-art.com\/index.php\/wp-json\/wp\/v2\/types\/product"}],"replies":[{"embeddable":true,"href":"https:\/\/www.comoe-art.com\/index.php\/wp-json\/wp\/v2\/comments?post=1178211"}],"wp:featuredmedia":[{"embeddable":true,"href":"https:\/\/www.comoe-art.com\/index.php\/wp-json\/wp\/v2\/media\/1177886"}],"wp:attachment":[{"href":"https:\/\/www.comoe-art.com\/index.php\/wp-json\/wp\/v2\/media?parent=1178211"}],"wp:term":[{"taxonomy":"product_cat","embeddable":true,"href":"https:\/\/www.comoe-art.com\/index.php\/wp-json\/wp\/v2\/product_cat?post=1178211"},{"taxonomy":"product_tag","embeddable":true,"href":"https:\/\/www.comoe-art.com\/index.php\/wp-json\/wp\/v2\/product_tag?post=1178211"}],"curies":[{"name":"wp","href":"https:\/\/api.w.org\/{rel}","templated":true}]}}